 and f?
13
Let m(v) = -v**3 - 3*v**2 - v - 14. Let c be m(-14). Suppose 11*z - 15*z = c. Let y be (-2*1)/(14/z). Calculate the greatest common divisor of 11 and y.
11
Let n(b) = 2*b - 2*b**2 - b**3 - 4*b - 3 - b. Let l be n(-3). What is the greatest common factor of l and 120?
15
Let v(y) = -61*y - 2. Let p be v(-4). Suppose -1247 = 5*a - 1357. Calculate the highest common factor of a and p.
22
Let p be 20/8*12/10. Suppose -5*l + 44 = -f, -20 = -2*l + l + p*f. Suppose -j - 11 = -3*u, 5*u - 25 = 2*j + j. Calculate the highest common factor of u and l.
2
Suppose -13*c = -15*c + 6. Let b be (4 - 55/15)/(c/207). What is the greatest common divisor of b and 253?
23
Let m(t) = -t**3 - 3*t**2 - 5*t + 21. Let x be m(-5). Calculate the highest common factor of 42 and x.
6
Let c = -3 + 9. Suppose 3*d - c = d. What is the highest common factor of d and 3?
3
Let f(n) = 8*n**2 - 26*n + 2. Let t = 24 - 19. Let u be f(t). Calculate the highest common divisor of 16 and u.
8
Suppose 45 = z - 2*j, -3*z + 108 - 13 = 2*j. Let s(h) = -2*h**3 + 28*h**2 + 3*h - 35. Let r be s(14). Calculate the greatest common factor of r and z.
7
Suppose -5*y + 45 = -3*z, y + 4*y + 2*z - 20 = 0. Let h = 145 - 97. What is the greatest common factor of h and y?
6
Let r be 92/9 + (-2)/9. Suppose 3*h - i + 1 = 0, -3*i + 8*i - 19 = h. Let v be (h/1)/((-3)/(-30)). Calculate the highest common factor of v and r.
10
Let y = -318 + 360. What is the highest common factor of y and 36?
6
Let w be (160/200)/((-1)/(-5)). Calculate the highest common divisor of w and 10.
2
Let y = -102 + 112. What is the highest common divisor of y and 150?
10
Suppose 0 = -2*z + 3*h + 51, 3*z - 12 = -4*h + 90. Let l be (-133 + 8)*(-3)/5. Calculate the highest common divisor of l and z.
15
Suppose -187*j + 12 = -185*j. Let d(l) = l + 5. Let x be d(-4). Calculate the greatest common factor of j and x.
1
Let s(p) = -p**3 - 2*p**2 + 10. Let h be s(0). Let j be (h/25)/((-5)/(-450)). Calculate the highest common factor of 12 and j.
12
Suppose 221*h = 213*h + 360. What is the highest common divisor of 207 and h?
9
Let l be 3 - (1 - (22 - 4)). Suppose 0 = 3*c - l - 1. What is the highest common divisor of 21 and c?
7
Let k(v) = -2*v + 8. Let p be (3 - (-5)/((-30)/16))*-6. Let t be k(p). What is the highest common divisor of t and 24?
12
Suppose k + 88 = 5*p + 5*k, 3*p = 3*k + 69. Let q(d) = 9*d + 3. Let x be q(8). Suppose 0 = -j - 25 + x. Calculate the greatest common factor of j and p.
10
Suppose -2 = -5*p + 8. Suppose -56 = -j - p. What is the greatest common factor of 6 and j?
6
Let y(c) = c + 12. Let j be y(0). Suppose 6*h - 2*h + j = 0, 2*h = t - 8. What is the greatest common divisor of t and 4?
2
Suppose -2*d - 3*p = -3, -4*p = 35*d - 39*d + 56. What is the highest common factor of 135 and d?
9
Let o = -200 + 389. Calculate the greatest common factor of o and 21.
21
Let y = -1 - 0. Let w be ((-14)/4)/(y/2). Calculate the highest common factor of 21 and w.
7
Suppose 14*y + q + 2924 = 16*y, -7312 = -5*y + 3*q. What is the greatest common factor of y and 20?
20
Let q be 118/8 - 1/(-4). Let n be 2/(-10) - (-123)/q. Let w be n/3 + (-10)/(-30). Calculate the highest common divisor of 9 and w.
3
Let w(i) = -220*i - 25. Let c be w(-2). What is the highest common divisor of c and 83?
83
Let n(y) = 2*y - 2. Let w be n(5). Let h be (78/(-9))/(6/9) + 1. Let t be ((-24)/(-9))/((-2)/h). Calculate the greatest common divisor of t and w.
8
Let s(l) = l**2 - 9*l - 139. Let z be s(-11). What is the greatest common divisor of 270 and z?
27
Let d be 1/1*3 + 1. Let o = d - 1. Suppose -5*x + 44 = -q, x + 4*x + o*q = 48. Calculate the highest common factor of x and 18.
9
Let l(v) = -v**2 - 30*v + 94. Let p be l(0). What is the highest common factor of p and 846?
94
Let b(c) = -8*c - 5. Let y be b(-5). Let w(z) = -5*z + 62. Let u be w(11). Calculate the highest common factor of u and y.
7
Let m be (-12)/(-3) + 2 + 6/(-3). Let b(i) = 3*i**2 - 9*i + 11. Let f be b(m). What is the greatest common factor of 253 and f?
23
Let r(y) = 2*y + 13. Let t be r(-4). Suppose 3*z - 40 - t = 0. Calculate the highest common factor of 90 and z.
15
Suppose 4*p = d - 18, 6*p = -3*d + 8*p + 74. Calculate the greatest common divisor of 78 and d.
26
Suppose -5*r - 46 = -5*s + 79, -5*s + 4*r + 121 = 0. What is the highest common factor of 28 and s?
7
Let a(f) = -f - 2 + 3*f**2 - 3 + 1 + 3. Let d(k) = -k**2 + 5*k - 1. Let r be d(5). Let c be a(r). Calculate the greatest common factor of 12 and c.
3
Suppose 3*s = 152 + 1. Calculate the greatest common divisor of 6 and s.
3
Let c be (-2)/3 + 5704/69. What is the greatest common factor of c and 41?
41
Let t be 113 - (-4 + 5)*-1*-1. What is the greatest common factor of 14 and t?
14
Let y be 7 - (-4 + -13 + 18). What is the greatest common factor of y and 618?
6
Let g be -2*((-34)/(-1) + 2). Let m be (0 + -7)*g/21. Calculate the highest common divisor of 12 and m.
12
Suppose 57936 = 111*q + 31*q. What is the greatest common factor of 255 and q?
51
Let v(l) = -l - 3. Let s be v(3). Let w be 0 + -1 + (9 - s). Calculate the highest common factor of 14 and w.
14
Let l be 3/(-2)*(1 + -19). Suppose 0 = -2*m + 6*m - 352. Suppose -d - m = -5*v, -d - 52 = -4*v + v. What is the highest common factor of l and v?
9
Suppose -3*g = -3*i - 84, 4*i + 8 = g - 14. Suppose 4*t - g = 2*t. Let p = 23 - t. What is the greatest common divisor of p and 12?
4
Suppose 0 = -4*a - 5*h + 109 + 76, 132 = 3*a - 3*h. Let w = -19 + a. Suppose -2*v = 4*r - w, 0*r = -3*r + 5*v. Calculate the highest common factor of 45 and r.
5
Let y(r) = -r**3 + 7*r**2 + 7*r + 6. Suppose 2*h = 11 + 5. Let j be y(h). Let k be (0 - 4/j) + 61. Calculate the greatest common factor of 7 and k.
7
Suppose f - 84 = -4*x - 2*f, 4*f + 16 = 0. Let h = -71 + 116. Let v be ((-32)/40)/((-1)/h). What is the highest common divisor of x and v?
12
Let a be 463/5 + 4/10. Let b(x) = 6*x + 99. Let m be b(-7). Suppose m*f + 62 = 58*f. Calculate the greatest common divisor of a and f.
31
Let n = 57 + -81. Let q be (-3)/((2/n)/(4/18)). Calculate the highest common factor of 16 and q.
8
Suppose 3*x = 3*w - 232 - 623, 3*w - 4*x - 852 = 0. Let i = -10 + 42. Calculate the greatest common divisor of w and i.
32
Let y be (-12)/(-22) + (-566)/33*-69. What is the highest common factor of y and 32?
32
Suppose -21*h - 8 = -13*h. Let i(s) = 46*s**2 - 2*s - 3. Let d be i(h). What is the highest common factor of d and 45?
45
Suppose 4*u - 4*z - 24 = 0, -5*z + z = -5*u + 34. Suppose a = -a - u, -4*i - 2*a + 74 = 0. Calculate the greatest common factor of i and 14.
7
Let i = -1 - -5. Let g be -3 + (-48)/(-15) - (-28)/35. Calculate the greatest common factor of g and i.
1
Suppose -3*v + 4 = -8. Suppose -8 = -4*g + 2*y, v*g - g + 4*y + 5 = 0. Calculate the greatest common divisor of 1 and g.
1
Let b(m) = -m**2 + 51*m - 494. Let k be b(14). Let c = -106 - -178. What is the highest common factor of k and c?
24
Suppose 0 = -9*f + 4*f + 15. Suppose f*j = 4*q + 10, -10 = 3*j + 2*q - q. Let a = j + 16. Calculate the greatest common factor of a and 154.
14
Let o(q) = 84*q**3 - 3*q**2 + 6*q + 3. Let z be o(2). What is the greatest common factor of z and 50?
25
Suppose 8*c = 13*c. Let m be c/(-10 + 8) - (-1 - 3). What is the highest common factor of 10 and m?
2
Let p(o) = o**2 + 3*o + 13. Let s be p(-8). Suppose s = 6*r - 217. What is the greatest common divisor of 450 and r?
45
Let k be (340/6)/((-16)/(-24)). Suppose 0 = 5*s - 6*s + k. Calculate the greatest common factor of 17 and s.
17
Let y be -6*49/(-42) - 3. Let i(t) = 12*t - 4. Let f be i(2). What is the highest common factor of y and f?
4
Let l(c) = 4*c**3 + 4*c**2 - 5*c + 4. Let v be 1/2 - (-12)/8. Let x be l(v). What is the highest common factor of x and 63?
21
Let m(t) = t**2 + 3*t + 2. Suppose -6 = 2*j + 2. Let s be m(j). Let n(q) = -q**2 - 6*q + 7. Let g be n(-5). Calculate the highest common factor of g and s.
6
Let y be 8/(-132) - (-10896)/99. Calculate the highest common factor of 143 and y.
11
Let c(i) = i**2 + 101*i + 3. Let y(v) = 25*v + 1. Let r(b) = 2*c(b) - 9*y(b). Let h be r(13). Calculate the greatest common divisor of 12 and h.
12
Suppose 0 = -0*h + 5*h + 15. Let o be h/2*14/21. Let i be (-1)/((-3)/(17 - o)). What is the highest common